e number?
True
Let p be -15*((-10)/(-15) + -1)*1. Suppose -d - 4*a + 1083 = 0, -22*d + 18*d = -p*a - 4248. Is d a composite number?
True
Let q be ((-1214700)/250)/((-2)/35). Is (-2)/(-7)*q/3 composite?
True
Let q(y) = 698*y + 105649. Is q(0) composite?
False
Is 13 - 26476*(0 - 1) a prime number?
True
Let g be (20/(-5))/((-4)/431). Suppose -2*c + g = 3*j, 4*j - 7*c = -2*c + 567. Is j composite?
True
Let d(z) be the first derivative of 7*z**6/180 + z**5/40 - z**4/12 - 17*z**3/3 + 14. Let l(r) be the third derivative of d(r). Is l(3) prime?
False
Is -1*(3 + -2)*(-531548)/4 a prime number?
True
Let v(n) = -593*n - 468. Is v(-7) a composite number?
True
Suppose -17*a - 25751 = 208. Let t = 8388 + a. Is t prime?
False
Suppose -5*o + 2*n + 553045 = 0, -9*o + 405817 = 2*n - 589692. Is o prime?
False
Let b(d) = -d**2 + 11*d - 6. Let z(n) = -8*n - 3. Let w be z(-2). Let k = -6 + w. Is b(k) prime?
False
Suppose 3*m = 0, 2*m + 2 = -4*o - 6. Let y(z) = -z**3 + 3*z**2 - 4. Let l be y(o). Let f = l + 55. Is f prime?
True
Suppose 20*f = 529693 + 1511487. Is f prime?
True
Let o = 2687 - 1428. Is o composite?
False
Let o be (7/4)/((-3)/48). Let c = o - -31. Suppose 2*a - d = -2*a + 1342, -c*a + 995 = 5*d. Is a composite?
True
Suppose -5*x + 8 = 4*z, 3*z = -2*z - 4*x + 10. Suppose 0 = -c + u + 3 + 3, 0 = -3*c - z*u + 3. Suppose -2*q + c*q = 3*h - 2107, 3493 = 5*h + 3*q. Is h prime?
True
Suppose 2*n + 3*u - 18683 = 0, -3*u - 28002 = 78*n - 81*n. Is n a prime number?
True
Suppose -15 = 5*c, l - 98491 = -0*l + 2*c. Is l prime?
False
Suppose -20162 - 6208 = 9582*z - 9572*z. Let n = -46 - 464. Let p = n - z. Is p prime?
False
Is (-6 - 11642/(-4))*(1 - -1) a composite number?
True
Let d be (16912/140)/(4/(-10)). Let t = -153 - d. Is t a composite number?
False
Suppose 365 + 951 = -2*l - b, 5*b = 0. Is 11/(-22)*-8 - l*1 composite?
True
Suppose -w = -2*w + 7. Suppose -w*m - 16945 = 3565. Is (-2)/(6/m*(-18)/(-27)) a prime number?
False
Let i(a) = -252*a - 25. Let q(w) be the first derivative of -w**2/2 - 19. Let u(n) = i(n) - 4*q(n). Is u(-7) prime?
False
Suppose 46*s - 131*s = -4951505. Is s a prime number?
False
Suppose -2*t = -4*h - 4127 + 21159, h - 2*t - 4252 = 0. Is (3 + (-5 - h/8))*-2 composite?
False
Let f(a) = 456*a + 31. Let n = -879 - -901. Is f(n) prime?
False
Let m(w) = -2*w**2 + 4*w - 1822. Let i(q) = -q**2 + 2*q - 911. Let r(y) = -5*i(y) + 2*m(y). Suppose -3*g - 21*g + 6*g = 0. Is r(g) a composite number?
False
Suppose 114*h - 8 = 116*h. Let b(y) = -y**3 + 6*y**2 - 4*y + 9. Let p be b(6). Is (-18)/p*(-970)/h a composite number?
True
Suppose 4*a - 1843 = -j, 4*j + 8*a - 7383 = 3*a. Suppose 5*y = -2*c + 2075, c = 2*y + 254 + 770. Let r = j - c. Is r a composite number?
True
Let g(x) = -45770*x + 2015. Is g(-12) composite?
True
Let v = 3 + 2. Suppose 2*q = -v*x + 5408, -13*x - 2693 = -q - 10*x. Is q a prime number?
True
Let a = -590894 - -872583. Is a a composite number?
True
Let u(d) = 2*d**2 - d - 6. Let h be u(-2). Suppose h*q + 8*q = 8172. Let t = q + -286. Is t a prime number?
False
Suppose p = 3*a - 0*a - 19, 4*a + 3*p = 21. Suppose 0 = 4*l - 2*y - 10, y = 4*l - 5 - a. Suppose 5*v - 19709 = 4*m, l*m - 15759 = -4*v - 2*m. Is v composite?
True
Let v(u) = 9*u**2 + 17*u - 23. Let n(t) = t**2 - 12*t + 21. Let i be n(8). Is v(i) a composite number?
True
Let t(n) = -9743*n + 39. Let d be t(1). Let w = 20851 + d. Is w a composite number?
True
Suppose -2*o = -3*r - 23, -r - 25 = 4*r. Let f(m) = 694 - 655 - o*m + 6*m. Is f(10) prime?
True
Let o be 0 - -14 - (1 + -3). Let u be (35/(-2))/((-8)/o). Suppose -k + 47 + u = 0. Is k prime?
False
Suppose -769884 - 454281 = -15*y. Is y a composite number?
False
Let j be -6*(-7)/(-70) - 54/10. Is ((-2)/j)/(-3 - 58134/(-19377)) a prime number?
True
Is (376/(-1692))/(6/(-14535153)) prime?
False
Let o = -60546 - -90883. Is o composite?
True
Let y(p) = 4*p - 3*p - p + 2 - p. Let m be y(-2). Suppose m*b - 5*j = 6236, -b - 5*j = -2*b + 1559. Is b prime?
True
Let n be 2/(-3)*-1*(3781 - -8). Is (14/(-4))/((-3)/n) a composite number?
True
Let i = -21741 + 244002. Suppose 7*z - 70808 = i. Is z a composite number?
True
Let j = 2 - -922. Let u(i) = -75*i**3 - 2*i**2 - 2. Let n be u(-3). Let g = n - j. Is g a composite number?
True
Suppose 3*a - 3*i - 240 = 0, -4*a - 160 = -6*a - i. Let q(x) = x**2 - 115*x + 2257. Let o be q(22). Let p = o - a. Is p prime?
True
Suppose -w - 19 + 31 = 0. Suppose -4*d - 4 = w. Is (-582)/(-12)*d/(-1) a prime number?
False
Let k(i) = 2672*i**2 - 10*i + 145. Is k(14) composite?
False
Let l(d) = d + 59. Let w be l(14). Suppose -u - w = -4*v - 388, 0 = 4*u + 4*v - 1240. Is u prime?
True
Let q = -11 + 11. Let z = 3428 + -1985. Suppose 3*t + 3*o - z = q, 1735 = 3*t + 4*o + 292. Is t a prime number?
False
Let d(x) = -x**3 - 41*x**2 - 115*x - 153. Suppose 0 = -2*k - 2*y - 90, 69 = 2*k - 4*y + 189. Is d(k) prime?
True
Suppose 189*a - 113272061 = 69714148. Is a prime?
False
Suppose 3*n - 1185 = 3363. Suppose -4*o + 60 = 26*o. Suppose -o*r + 0*x = 2*x - n, -3835 = -5*r + 4*x. Is r prime?
False
Let a = -121 - -36. Let u be 2953/5 + (-34)/a. Let w = u - 112. Is w prime?
True
Suppose -5380 = -2*i - 3*a, -13*a + 30 = -8*a. Is i composite?
True
Let z(f) = 10*f + 120. Let k be z(-12). Suppose 172 = r + 7*d - 2*d, -3*d - 3 = k. Is r prime?
False
Let j = 5 + -4. Let v be j/(-2)*2*(-4)/2. Suppose v*m - 4*d = 1014, -d + 495 = m - 0*d. Is m prime?
True
Is (128187/(-6))/(3 - (-81)/(-18)) a prime number?
True
Suppose -2*g + 777493 = j, -38*j + 1554993 = 4*g - 43*j. Is g prime?
False
Let t(v) = 1200*v**2 - 2*v - 1. Let c be t(2). Suppose -s + m - 5 = 0, 3*s + 0*m - 5*m = -25. Suppose s = a - 6*a + c. Is a a prime number?
False
Suppose 1 = 4*i - 3*b, -7*i = -5*i - 4*b + 12. Suppose i*f - 24717 = -5273. Is f prime?
True
Suppose -14333453 = -35*r + 6563433 + 2153309. Is r composite?
True
Let v(l) = 762*l**2 + 12*l + 41. Let o be (-12 - -9)/((-3 + 2)*-1). Is v(o) composite?
False
Let q(p) = 80031*p + 328. Is q(9) a composite number?
False
Let n be (-120)/72 - (-17)/3. Suppose -3588 = -n*f - 712. Is f composite?
False
Suppose -4*i = -6*i + 5*d - 78, -4*i - 120 = -d. Let f = i + 20. Let o(s) = -63*s - 26. Is o(f) composite?
False
Let m be ((-13)/(-39))/(1/954). Suppose -55*b - m = -61*b. Is b a prime number?
True
Let p(d) = -d**2 + 24*d + 341. Let x be p(34). Let z(g) = 22656*g**2 - 14*g + 15. Is z(x) a composite number?
True
Let k(l) = 78353*l**2 + 28*l - 20. Is k(1) composite?
True
Suppose 21 = -3*p, 41*u - 94180 = 40*u - 3*p. Is u a composite number?
False
Let a = 260 + -252. Is (3886/a)/(-6 + 175/28) prime?
False
Suppose -3*n - 2*m + 471189 = 0, -2*n + 5*m = 3*n - 785315. Is n a composite number?
True
Suppose d - 1 = 2*y - 0*d, -d + 1 = 2*y. Suppose 3*l - 4*w - 4607 = y, -w + 2*w = -4*l + 6149. Is l composite?
True
Suppose 3*n = 4*i - 8 + 1, -12 = -4*n. Suppose 2*l = -i*l + 864. Suppose 6*u = l + 2766. Is u a composite number?
True
Is -4474*(67 + -58 + (-125)/2) prime?
False
Let u be (8/(-6))/(1/2277). Let i = 10123 + u. Is i composite?
True
Suppose 5*z - 1997 = 3. Suppose 0 = -6*m - 120 - 738. Let r = m + z. Is r a prime number?
True
Let h(m) = m - 2. Let n(f) = -448*f + 129. Let g(k) = 5*h(k) - n(k). Is g(10) composite?
False
Let z(w) = -5*w**3 - 11*w**2 - 2*w - 56. Let f be z(-10). Is (-10 - (-5 - f)) + 1 + 3 a composite number?
False
Let u = -266 - -264. Is u/((-22)/33*(-3)/(-473)) composite?
True
Suppose 0 = -30*w + 18845141 + 12648425 - 5618536. Is w a prime number?
True
Let u be (-3 - -30)/3 - -3. Let v be (-6)/21 - (144/(-14) - -1). Suppose -399 = v*z - u*z. Is z composite?
True
Suppose 0 = -9*j + 1918 + 1043. Suppose -38 - j = -t. Is t composite?
False
Suppose 5*l - 57041 = -74*b + 73*b, -2*b = -l - 114016. Is b a composite number?
True
Let o be 14/231*3 - (-705072)/33. Suppose -112688 + o = -14*w. Is w prime?
False
Suppose -16*k = -1460243 + 677957 - 2743746. Is k a prime number?
False
Let v(w) = 6 - w**2 + 7*w + 3*w - 3*w - 3*w. Let g be v(5). Is (378 - -3) + (3 - 6) + g a composite number?
False
Suppose 5*g + 2*b = 54067, -3*g + g + 4*b + 21646 = 0. Is ((-20)/(-6))/(7/g) + 5 prime?
False
Let s = -1 - -2. Let u(f) = 752*f**3 + f**2 - 2*f + 1. Let o be u(s). Let a = o - 399. Is a composite?
False
Let k be 2*((-45)/(-6